 45?
20
Evaluate (646 + -623 - (32 + -1)) + (0 - (1 + -11)).
2
Evaluate 217 + -204 + (-29 - 1).
-17
What is -8 - (4 - (3 + (3 - 0))) - (-525 + 438)?
81
Evaluate -17 + (-1 + 3 - 105) + (801 - 821).
-140
What is the value of 4 - -13 - (-54 - (26 - 67) - (1 + -11))?
20
Calculate 6 - -25 - 27 - (-69 - 5 - -7 - -5).
66
What is the value of -23 + (-2 - -3) + 60 + -95 + 22 + -15?
-50
Evaluate 10 - (-4 + -6 + -4 + 88).
-64
0 + 89 + -6 - ((0 - -14) + 32 + -35)
72
What is the value of 15 - (-10 + -4 + 94 + -83)?
18
Evaluate 177 + -69 + (-138 - -135).
105
Evaluate -14 + (3 - 5) - (54 + -66 - 16).
12
Evaluate 4 + 5 - (6 + -34 - (-41 + 19)).
15
What is the value of 315 - 396 - (-11 - 36)?
-34
Calculate 194 + -180 - ((6 - -3) + (-2 - 2)).
9
Evaluate (-3758 - -3703) + 3 + (-13 - (-3 - -1)).
-63
What is the value of (65 - 1) + -82 - -16?
-2
41 + (-2 + 2 - (17 + -13 + -13))
50
Evaluate -17 - (-22 - (-9 + 14)) - (7 - (7 + 81)).
91
What is -77 + 77 - 39 - (-26 - -1)?
-14
What is -18 + (-6 - (7 - (2 - -13))) + 13 - 70?
-73
Evaluate (117 - 91) + -16 - (-1 - 3).
14
What is (-72 - -16) + (-30 - (-47 - -3))?
-42
What is the value of (-34 - (-2 + -6)) + (3 - (16 + 3 + -15))?
-27
What is the value of -1 - -13 - -3 - (1 + 15 + -35)?
34
62 - (-25 - (-16 + -10 + -14))
47
What is the value of -65 - (-38 - (-39 + 29))?
-37
Calculate -1 - -38 - ((127 - 77) + 37).
-50
Calculate -51 - (4 - (25 + 3 + -7) - (-8 - -1)).
-41
What is the value of (15 - 0 - 0) + (-230 - (-109 + -158))?
52
-63 + 0 + -8 + (3 - -26) + -11
-53
What is -30 + 52 + -11 - (29 + -1)?
-17
What is the value of (121 - 123) + (4 + 2 - 5 - 1 - -26)?
24
What is -31 + 33 + -60 + 43?
-15
Calculate (-32 - 1) + (-46 + 43 - (-9 + 23)).
-50
Calculate -8 + 7 - (-28 + (4 - (9 - 4) - 9)).
37
Evaluate -13 + 4 + (50 - 18) - 28 - 50.
-55
(8 + 17 + -13 - 3) + 2 + -6
5
Calculate (94 - (-53 + 89)) + 28.
86
Evaluate (0 - -115) + 639 + -709.
45
What is (-12 - 5 - (-97 + 1)) + 1 + -8 + 2?
74
What is the value of (44 - (42 + -75)) + -43?
34
What is the value of (-21 - (-2 + (-28 + 11 - -7))) + -35?
-44
What is -91 - (-36 - (125 + -84))?
-14
21 - 115 - (-232 - -177)
-39
What is the value of (92 - 45) + (-8 - -7) - 21?
25
What is -6 - (8 + (21 - 35) - (45 + (-1 - 3)))?
41
Evaluate 9 + (1 - 13 - 9) + 8.
-4
Evaluate 23 + (2 + -1 + -7 - 1 - -2).
18
What is 14 + (2 - -3 - (-4 + -12 + -26)) - 2?
59
Calculate 34 + -279 + 136 + 11.
-98
Evaluate (-9 - -9) + -18 - 24 - (-13 - -2).
-31
Calculate -25 + (43 - (-36 - -61)).
-7
Calculate 7 + 8 + -15 + 76 + 2 + -195 + 206.
89
(6070 - 6060) + (0 - (143 - -2)) - -10
-125
What is -69 - (-2 + -2 - (-11 - (3 + 1 + -14)))?
-66
What is the value of 11 - (51 + (-1 - -8))?
-47
What is -18 - (-17 + 42 + -23 - -5)?
-25
What is the value of (4 - 16) + 16 + (-8 + 0 - (3 + -3))?
-4
Evaluate -4 + (-21 - (-31 + 10)).
-4
Calculate 12 + 27 + -1 + (-33 - 7).
-2
Calculate 24 - (15 - (-64 - -108)).
53
Evaluate (-1 - 156 - -61 - (-13 + 1 + 1)) + 8.
-77
Evaluate -96 + (29 - (27 + -19 + -2 - -10)).
-83
(-68 - (-2 - ((-14 - -1) + 24))) + 6
-49
What is the value of -74 + 75 + (-11 - 7) + -19?
-36
What is the value of -1 - 4 - (-36 + 3 + 12)?
16
Evaluate (87 - 14) + -26 + (7 - 13 - 5).
36
What is (-279 - -295) + (13 - -64 - 5)?
88
Evaluate -48 + 7 + -18 + 45 + -9.
-23
What is the value of 116 + -109 - (-92 - (8 - -4 - (-7 + 9)))?
109
-4 + 0 + 111 + -142 + -2 + 37
0
What is the value of (-2 + -4 - 1) + (-41 - (-310 + 163))?
99
15 + 19 - 38 - 3
-7
What is 11 + -92 + (13 - 8) + (15 - 8) + -26?
-95
What is the value of 6 - -3 - (13 - (8 - (16 - 20)))?
8
-2 + -53 + (42 - (74 + -32))
-55
(-22 + 6 - -9) + (-40 - (1 - 3))
-45
Calculate (-18 - -4) + (-2 - -11) + (-1 - -7).
1
(-4 - -3) + -52 - (298 + -315 - (-11 + 0))
-47
What is the value of -7 - 31 - (-2 + (21 - 44))?
-13
What is the value of 12 - (-21 - (24 + 7 + -20))?
44
What is 20 + 0 + -6 - ((-13 - 1) + -103 + 19)?
112
Calculate -1 - (-1 + 0 + 1 - (-572 + 573)) - 2.
-2
Evaluate 10 - (10 + 8 + -1 + 72 + -108).
29
0 - ((-6 - (-6 + (-7 - -4))) + 37) - -1
-39
(-5 - ((-9 - 2 - 5) + -13)) + 4
28
What is the value of (-2 - -43) + (39 + -37 - 4)?
39
-146 - (112 + -117 + -130)
-11
Evaluate (-5 + 40 - (-20 - -31)) + 21 + -17.
28
-17 + -24 + 110 + 7 + -8
68
Evaluate 37 + (3 - -4) + -28 + (2 - -22).
40
388 + -359 - ((6 - -62) + -5)
-34
39 + -3 - (1085 - 1083)
34
Calculate -13 - (33 + 2 - (-729 - -696)).
-81
What is -2 - 13 - (-1 - (-15 - -5 - -1))?
-23
What is the value of -88 + (8 + 2 - (-11 - -11 - (-9 - -2)))?
-85
Calculate 8 + 9 + -8 + -20 + -52.
-63
Calculate (-2 - -116) + (9959 - 10032).
41
Calculate 18 - (37 + (30 - 29)).
-20
What is -5 + (-10 - (-14 + (-10 - -18))) + -24 + 0?
-33
Evaluate 187 + -180 - (6 + 11) - (-1 + -32).
23
What is (0 - -3) + -2 + (-70 - (24 + -84))?
-9
What is -113 + -6 + 5 + -2 + (35 + -10 - 10)?
-101
What is 6 - (-27 + -38 + 25 + 19)?
27
Evaluate -39 + (4 - 2) + 2 + (-18 - -11) + -2.
-44
151 - 175 - (-51 - 6) - -41
74
Evaluate -39 - (-11 - (21 - -5)) - (0 - 74).
72
(49 + -143 - -116) + (-2 - -5 - 109)
-84
Calculate -114 + 34 - -103 - (4 + 44).
-25
-45 - (-3 + -13 + 7 + 10)
-46
(-68 - -94) + (-62 - 29)
-65
Calculate (1 - -10) + -61 + -16 - 10.
-76
74 + (-29 - (-13 + 68))
-10
Calculate -155 - (-52 - 126) - (83 - (-1 - -1)).
-60
-49 - (39 - 56) - -86
54
-17 + 26 + -31 + 34 - -37
49
What is the value of 42 + (-75 - (57 + -171))?
81
-81 - ((-48 - -52) + -62)
-23
What is the value of (-4 - 2) + -13 + 76 + -36 + 36?
57
What is the value of 11 - -10 - 3 - (64 - 20) - (2 + -7)?
-21
130 + -124 - (108 - (2 + (2 - 10) + 4))
-104
Evaluate (5 - -8) + (-17 + 34 + 12 - 16).
26
-10 + (42 + -2 + -14 - 5)
11
Evaluate (4 - (10 - -2)) + (522 + -498 - (-84 + -1)).
101
Evaluate 13 + (-3 - -1) + -38 + (-9 - -35) + -71.
-72
What is (207 + -238 - -85) + (33 - -1)?
88
What is the value of (37 - (-44 + 84)) + 0 + 2 - (50 + 2)?
-53
Evaluate 2 + -20 + (15 - -20) + -68.
-51
What is (-18 - 14) + 103 - (1 - (-1 + 1) - -3)?
67
What is 38 + -3 + -5 - ((4 - 15) + 2)?
39
Calculate 70 - (-80 - -142) - 103.
-95
What is the value of 24 - (35 - 76 - 36)?
101
What is (0 + -1 - (-16 + 13)) + 40 + (-8 - 1)?
33
What is the value of 73 + -17 - (9 - (30 - 2) - 0)?
75
What is -27 - (19 - 44 - -42)?
-44
Evaluate (-5 - (145 - -1)) + 14 + (-82 - -83).
-136
2 - (3 + -12 + (-32 - -20)) - 5
18
Evaluate (401 + -395 - ((1 - -9) + -1 + -1)) + 12.
10
Calculate (192 - 134) + 43 + -144.
-43
Calculate (-30 - 0) + (16 - ((-8 - -35) + (-59 - -44))).
-26
What is the value of (6 - ((-10 - 0) + 0)) + (0 - 8) - 41?
-33
What is -9 + (8 - 2) + (29 - (2 + -2))?
26
Calculate (8 - -10) + (36 - 34) + -18.
2
What is the value of 54 - (39 + 8 + -32 + (-2 - (7 - 2)))?
46
What is the value of -21 - -36 - (-1 + -3 + 7)?
12
Calculate -102 - ((-55 - -7) + -49).
-5
Calculate 6 + (24 - (-19 - -26)) - 15.
8
(31 + -32 - -35) + -31 - (42 - (0 + -1))
-40
What is the value of (-27 - 25) + 52 + 6?
6
17 - (-37 + (-19 - -58) + (1 - 1))
15
Calculate -29 - (32 - (28 - -10)) - -32.
9
What is the value of -80 + 48 - (-1 - -2)?
-33
Evaluate (-5 - -2) + (-116 - (-102 + -40)).
23
What is the value of (2 - (5 - 1)) + (23 + 0 - (-116 - -149))?
-12
Calculate -10925 + 10863 - (-70 - 1).
9
What is the value of (13 - 1) + -2 + 0 - (295 - 271)?
-14
What is the value of (-1 - (5 + (-33 - -9))) + -59 + 16?
-25
What is the value of 149 + 131 + -221 + 16?
75
What is -63 - (145 + -229) - 43?
-22
Evaluate -36485 - -36376 - (-108 - -1).
-2
Calculate (25 - 13 - (-60 - (16 + -11))) + -13.
64
Evaluate -59 - (2 + (10 - -5 - (3 - 6) - 7)).
-72
-1 + -33 - (6 - -12 - (88 - 83))
-47
What is -82 - -103 - (-10 - -13 - (-1 - 3 - -6))?
20
What is (-31 - -28 - 25) + 0 + 78?
50
What is -36 - (53 + -76) - (-1 - 1 - 79)?
68
Evaluate 0 + 6 - -1 - (292 - 288) - (-37 + 15).
25
Calculate (19 + -10 - (7 + -15)) + -91 - (-7 + 0).
-67
Evaluate 38 + (1 - (22 + -14 + -8 - 0)) + 2.
41
-8206 - -8158 - (69 + 1)
-118
65 + -67 + (-108 - -13) + -15
-112
Evaluate (-6 + -2 - (-13 - 92 - -24)) + 17.
90
Calculate (-1 - -25 - (27 + 4 + -39)) + 8.
40
What is (-273 - -133 - -46) + 86?
-8
What is (24 - 42) + -53 + (-82 - -124)?
-29
Evaluate -12 + (17 - 40) + 20.
-15
What is -58 + 14 + 32 + -14 + -10?
-36
Evaluate -94 - (53 + -161 - -56).
-42
Evaluate -18 - -32 - (-1 + (-1 - -9)) - 19.
-12
Evaluate (-7 